{"id":28081,"date":"2023-09-21T18:38:03","date_gmt":"2023-09-21T18:38:03","guid":{"rendered":"https:\/\/alex-elec.eu\/?post_type=product&#038;p=28081"},"modified":"2023-09-21T18:38:03","modified_gmt":"2023-09-21T18:38:03","slug":"conteneur-maritime-doccasion-de-20-pieds-open-top-a-toit-ouvert","status":"publish","type":"product","link":"https:\/\/alex-elec.eu\/de_de_formal\/product\/conteneur-maritime-doccasion-de-20-pieds-open-top-a-toit-ouvert\/","title":{"rendered":"Gebrauchter 20-Fu\u00df-Seecontainer - open top (mit offenem Dach)"},"content":{"rendered":"<ul>\n<li>PRODUKTDETAILS\n<p>Dieser gebrauchte 20 Fu\u00df x 8 Fu\u00df gro\u00dfe Container mit offenem Dach steht in ganz Europa zum Verkauf und zur Lieferung zur Verf\u00fcgung.<\/p>\n<p>Container mit offenem Dach haben nicht das herk\u00f6mmliche gewellte Containerdach aus Stahl. Stattdessen haben sie abnehmbare B\u00f6gen und eine witterungsbest\u00e4ndige Plane, die mit Seilen gesichert werden kann. Dies vereinfacht den Be- und Entladevorgang, der normalerweise mit einem Kran von oben durchgef\u00fchrt wird, erheblich. Der T\u00fcrsturz (\u00fcber der T\u00fcr) kann ebenfalls gedreht \/ entfernt werden, um einen leichten Zugang zur Ladung zu erm\u00f6glichen.<\/p>\n<p>Container mit offenem Dach sind ideal f\u00fcr den Transport von Maschinen. Der Container muss mit den B\u00f6gen und der Plane verschickt werden, die ebenfalls f\u00fcr einen gewissen Widerstand sorgen. Wenn sich die Maschinerie in der H\u00f6he befindet, m\u00fcssen Sie in der Regel einen flachen Rackcontainer ohne Dach verwenden. Zur Sicherung der Ladung w\u00e4hrend des Transports sind Verzurr\u00f6sen vorgesehen.<\/p>\n<p>MERKMALE<\/p>\n<ul>\n<li>Abnehmbares Dach<\/li>\n<li>Verzurr\u00f6sen sichern die Ladung<\/li>\n<\/ul>\n<p>VORTEILE<\/p>\n<ul>\n<li>Das abnehmbare Dach erm\u00f6glicht es, gro\u00dfe oder schwere Gegenst\u00e4nde von oben zu kranen<\/li>\n<\/ul>\n<p>Ein gr\u00f6\u00dferer 40-Fu\u00df-Container mit offenem Dach steht ebenfalls zum Verkauf.<\/li>\n<\/ul>\n<p>&nbsp;<\/p>\n<p>&nbsp;<\/p>\n<p>PRODUKTSPEZIFIKATIONEN<\/p>\n<table>\n<tbody>\n<tr>\n<th>Externe L\u00e4nge (m)<\/th>\n<td>6.06<\/td>\n<\/tr>\n<tr>\n<th>\u00c4u\u00dfere Breite (m)<\/th>\n<td>2.44<\/td>\n<\/tr>\n<tr>\n<th>\u00c4u\u00dfere H\u00f6he (m)<\/th>\n<td>2.59<\/td>\n<\/tr>\n<tr>\n<th>Interne L\u00e4nge (m)<\/th>\n<td>5.84<\/td>\n<\/tr>\n<tr>\n<th>Innere Breite (m)<\/th>\n<td>2.35<\/td>\n<\/tr>\n<tr>\n<th>Innere H\u00f6he (m)<\/th>\n<td>2.39<\/td>\n<\/tr>\n<tr>\n<th>T\u00fcrbreite (m)<\/th>\n<td>2.34<\/td>\n<\/tr>\n<tr>\n<th>T\u00fcrh\u00f6he (m)<\/th>\n<td>2.28<\/td>\n<\/tr>\n<\/tbody>\n<\/table>","protected":false},"excerpt":{"rendered":"<p>D\u00c9TAILS DU PRODUIT Ce conteneur \u00e0 toit ouvert d\u2019occasion de 20 pieds x 8 pieds est disponible \u00e0 la vente et \u00e0 la livraison dans toute l\u2019Europe. Les conteneurs \u00e0 toit ouvert n\u2019ont pas le toit de conteneur ondul\u00e9 en acier conventionnel.\u00a0Au lieu de cela, ils ont des arcs amovibles et une b\u00e2che r\u00e9sistante aux [&hellip;]<\/p>","protected":false},"featured_media":28082,"comment_status":"open","ping_status":"closed","template":"","meta":{"_monsterinsights_skip_tracking":false,"_monsterinsights_sitenote_active":false,"_monsterinsights_sitenote_note":"","_monsterinsights_sitenote_category":0},"product_cat":[15,101],"product_tag":[],"aioseo_notices":[],"_links":{"self":[{"href":"https:\/\/alex-elec.eu\/de_de_formal\/wp-json\/wp\/v2\/product\/28081"}],"collection":[{"href":"https:\/\/alex-elec.eu\/de_de_formal\/wp-json\/wp\/v2\/product"}],"about":[{"href":"https:\/\/alex-elec.eu\/de_de_formal\/wp-json\/wp\/v2\/types\/product"}],"replies":[{"embeddable":true,"href":"https:\/\/alex-elec.eu\/de_de_formal\/wp-json\/wp\/v2\/comments?post=28081"}],"wp:featuredmedia":[{"embeddable":true,"href":"https:\/\/alex-elec.eu\/de_de_formal\/wp-json\/wp\/v2\/media\/28082"}],"wp:attachment":[{"href":"https:\/\/alex-elec.eu\/de_de_formal\/wp-json\/wp\/v2\/media?parent=28081"}],"wp:term":[{"taxonomy":"product_cat","embeddable":true,"href":"https:\/\/alex-elec.eu\/de_de_formal\/wp-json\/wp\/v2\/product_cat?post=28081"},{"taxonomy":"product_tag","embeddable":true,"href":"https:\/\/alex-elec.eu\/de_de_formal\/wp-json\/wp\/v2\/product_tag?post=28081"}],"curies":[{"name":"wp","href":"https:\/\/api.w.org\/{rel}","templated":true}]}}