{"id":28056,"date":"2023-09-21T18:28:37","date_gmt":"2023-09-21T18:28:37","guid":{"rendered":"https:\/\/alex-elec.eu\/?post_type=product&#038;p=28056"},"modified":"2023-09-21T18:28:37","modified_gmt":"2023-09-21T18:28:37","slug":"40-pieds-standard-122m","status":"publish","type":"product","link":"https:\/\/alex-elec.eu\/de_de_formal\/product\/40-pieds-standard-122m\/","title":{"rendered":"40 Fu\u00df Standard - 12,2m"},"content":{"rendered":"<p><strong>Standard 40-Fu\u00df-Container<\/strong><br \/>\nUnser 40-Fu\u00df-Standardcontainer ist einer der beliebtesten. Er verf\u00fcgt \u00fcber einen soliden Holzboden und ist CSC-zertifiziert. Er ist bereit f\u00fcr intermodale Abenteuer. Denken Sie nicht daran, irgendwohin zu gehen. Unser 40-Fu\u00df-Standardcontainer erf\u00fcllt seinen Zweck, egal ob f\u00fcr den Versand oder die Lagerung vor Ort. Au\u00dferdem erf\u00fcllt er die ISO-Normen.<\/p>\n<p>&nbsp;<\/p>\n<p>Merkmale<\/p>\n<ul>\n<li>ISO-Zertifizierung<\/li>\n<li>CSC-Zertifizierung<\/li>\n<li>Wind &amp; Water Tight<\/li>\n<li>Cargo Worthy<\/li>\n<li>Holzboden<\/li>\n<\/ul>\n<p>&nbsp;<\/p>\n<p>Abmessungen<\/p>\n<table>\n<tbody>\n<tr>\n<th><\/th>\n<th>\u00c4u\u00dfere Abmessungen<\/th>\n<th>Innere Abmessungen<\/th>\n<\/tr>\n<tr>\n<th>L\u00e4nge<\/th>\n<td>12192 mm<\/td>\n<td>12032 mm<\/td>\n<\/tr>\n<tr>\n<th>Breite<\/th>\n<td>2438 mm<\/td>\n<td>2352 mm<\/td>\n<\/tr>\n<tr>\n<th>H\u00f6he<\/th>\n<td>2591 mm<\/td>\n<td>2393 mm<\/td>\n<\/tr>\n<tr>\n<th>Tare<\/th>\n<th>Max. Nutzlast<\/th>\n<th>MMA<\/th>\n<\/tr>\n<tr>\n<td>3720 kg<\/td>\n<td>26760 kg<\/td>\n<td>30480 kg<\/td>\n<\/tr>\n<\/tbody>\n<\/table>\n<p>&nbsp;<\/p>","protected":false},"excerpt":{"rendered":"<p>Conteneur de 40 pieds standard Notre conteneur de 40 pieds standard est l&rsquo;un des plus populaires. Disposant d&rsquo;un solide plancher en bois et certifi\u00e9 CSC, il est pr\u00eat pour des aventures intermodales. N\u2019envisagez pas d\u2019aller n\u2019importe o\u00f9. Notre conteneur 40 pieds standard remplit sa mission, que ce soit pour une exp\u00e9dition ou un stockage sur [&hellip;]<\/p>","protected":false},"featured_media":28057,"comment_status":"open","ping_status":"closed","template":"","meta":{"_monsterinsights_skip_tracking":false,"_monsterinsights_sitenote_active":false,"_monsterinsights_sitenote_note":"","_monsterinsights_sitenote_category":0},"product_cat":[15,101],"product_tag":[],"aioseo_notices":[],"_links":{"self":[{"href":"https:\/\/alex-elec.eu\/de_de_formal\/wp-json\/wp\/v2\/product\/28056"}],"collection":[{"href":"https:\/\/alex-elec.eu\/de_de_formal\/wp-json\/wp\/v2\/product"}],"about":[{"href":"https:\/\/alex-elec.eu\/de_de_formal\/wp-json\/wp\/v2\/types\/product"}],"replies":[{"embeddable":true,"href":"https:\/\/alex-elec.eu\/de_de_formal\/wp-json\/wp\/v2\/comments?post=28056"}],"wp:featuredmedia":[{"embeddable":true,"href":"https:\/\/alex-elec.eu\/de_de_formal\/wp-json\/wp\/v2\/media\/28057"}],"wp:attachment":[{"href":"https:\/\/alex-elec.eu\/de_de_formal\/wp-json\/wp\/v2\/media?parent=28056"}],"wp:term":[{"taxonomy":"product_cat","embeddable":true,"href":"https:\/\/alex-elec.eu\/de_de_formal\/wp-json\/wp\/v2\/product_cat?post=28056"},{"taxonomy":"product_tag","embeddable":true,"href":"https:\/\/alex-elec.eu\/de_de_formal\/wp-json\/wp\/v2\/product_tag?post=28056"}],"curies":[{"name":"wp","href":"https:\/\/api.w.org\/{rel}","templated":true}]}}