{"id":28012,"date":"2023-09-21T18:02:34","date_gmt":"2023-09-21T18:02:34","guid":{"rendered":"https:\/\/alex-elec.eu\/?post_type=product&#038;p=28012"},"modified":"2023-09-21T18:02:34","modified_gmt":"2023-09-21T18:02:34","slug":"container-maritime-20%e2%80%b2-dry-classe-a","status":"publish","type":"product","link":"https:\/\/alex-elec.eu\/de_de_formal\/product\/container-maritime-20%e2%80%b2-dry-classe-a\/","title":{"rendered":"Seecontainer 20\u2032 DRY Klasse A"},"content":{"rendered":"<p>Material: Seecontainer<br \/>\nModell: 20\u2032 DRY<br \/>\nZustand: Klasse A*.<br \/>\nJahr: NC<br \/>\nFarbe: Gr\u00fcn<br \/>\nReferenz: HMCU304437-9<br \/>\nAu\u00dfenma\u00dfe: L.6.05m x B.2.44m x H.2.59m<br \/>\nInnenma\u00dfe: L.5.90m x B.2.35m x H.2.39m<br \/>\nFl\u00e4che: 15m\u00b2<br \/>\nVolumen: 33m\u00b3<br \/>\nLeergewicht: 2300 kg<br \/>\nZul\u00e4ssige Belastung: 28000 kg<\/p>","protected":false},"excerpt":{"rendered":"<p>Mat\u00e9riel: Container maritime Mod\u00e8le: 20\u2032 DRY Etat: Classe A* Ann\u00e9e: NC Couleur: Vert R\u00e9f\u00e9rence: HMCU304437-9 Dimensions ext\u00e9rieures: L.6.05m x l.2.44m x H.2.59m Dimensions int\u00e9rieures: L.5.90m x l.2.35m x H.2.39m Surface: 15m\u00b2 Volume: 33m\u00b3 Poids \u00e0 vide: 2300 kg Charge admissible: 28000 kg<\/p>","protected":false},"featured_media":28013,"comment_status":"open","ping_status":"closed","template":"","meta":{"_monsterinsights_skip_tracking":false,"_monsterinsights_sitenote_active":false,"_monsterinsights_sitenote_note":"","_monsterinsights_sitenote_category":0},"product_cat":[15,101],"product_tag":[],"aioseo_notices":[],"_links":{"self":[{"href":"https:\/\/alex-elec.eu\/de_de_formal\/wp-json\/wp\/v2\/product\/28012"}],"collection":[{"href":"https:\/\/alex-elec.eu\/de_de_formal\/wp-json\/wp\/v2\/product"}],"about":[{"href":"https:\/\/alex-elec.eu\/de_de_formal\/wp-json\/wp\/v2\/types\/product"}],"replies":[{"embeddable":true,"href":"https:\/\/alex-elec.eu\/de_de_formal\/wp-json\/wp\/v2\/comments?post=28012"}],"wp:featuredmedia":[{"embeddable":true,"href":"https:\/\/alex-elec.eu\/de_de_formal\/wp-json\/wp\/v2\/media\/28013"}],"wp:attachment":[{"href":"https:\/\/alex-elec.eu\/de_de_formal\/wp-json\/wp\/v2\/media?parent=28012"}],"wp:term":[{"taxonomy":"product_cat","embeddable":true,"href":"https:\/\/alex-elec.eu\/de_de_formal\/wp-json\/wp\/v2\/product_cat?post=28012"},{"taxonomy":"product_tag","embeddable":true,"href":"https:\/\/alex-elec.eu\/de_de_formal\/wp-json\/wp\/v2\/product_tag?post=28012"}],"curies":[{"name":"wp","href":"https:\/\/api.w.org\/{rel}","templated":true}]}}