{"id":27710,"date":"2023-09-21T06:35:40","date_gmt":"2023-09-21T06:35:40","guid":{"rendered":"https:\/\/alex-elec.eu\/?post_type=product&#038;p=27710"},"modified":"2023-09-21T06:35:41","modified_gmt":"2023-09-21T06:35:41","slug":"bungalow-neuf-type-snack-6-metres","status":"publish","type":"product","link":"https:\/\/alex-elec.eu\/de_de_formal\/product\/bungalow-neuf-type-snack-6-metres\/","title":{"rendered":"Neuer Bungalow Typ Snack 6 Meter"},"content":{"rendered":"<p>Die\u00a0<strong>Bungalow Snack 6 m\u00e8tres<\/strong>\u00a0est un module qui dispose d\u2019une\u00a0<strong>porte pleine<\/strong>\u00a0et d\u2019une\u00a0<strong>fen\u00eatre snack<\/strong>\u00a0avec un\u00a0<strong>plancher renforc\u00e9 en bois-ciment<\/strong>, livr\u00e9 brut pour vous permettre de l\u2019adapter \u00e0 votre activit\u00e9.<\/p>\n<p>&nbsp;<\/p>\n<div>\n<div>Beschreibung<\/div>\n<div>\n<div>\n<p>Bungalow Snack 6 m\u00e8tres Renforc\u00e9 Neuf<\/p>\n<p>Notre Bungalow Snack 6 m\u00e8tres est un module \u00e9quip\u00e9 pour les activit\u00e9s de snacking. Ce module est destin\u00e9 \u00e0 ceux qui souhaitent disposer d\u2019un module Snack pouvant \u00eatre implant\u00e9 d\u00e9finitivement ou d\u00e9plac\u00e9 fr\u00e9quemment. Nous pouvons ajouter des portes, des fen\u00eatres, ainsi que le passage de fourches dans le soubassement pour manipulation avec un chariot \u00e9l\u00e9vateur \u00e9quip\u00e9 de fourches de 250 cm. Nous pouvons aussi l\u2019\u00e9quiper aux normes alimentaires.<\/p>\n<p>Notre Bungalow Snack 6 m\u00e8tres est un module avec l\u2019ossature en gris anthracite RAL 7016, une porte et une\u00a0<strong>fen\u00eatre type snack<\/strong>\u00a0sans vitrage avec\u00a0<strong>volet basculant<\/strong>\u00a0sur piston \u00e0 gaz, ainsi que le\u00a0<strong>plancher renforc\u00e9 en bois-ciment<\/strong>\u00a0sans rev\u00eatement. Il est livr\u00e9 sans installation \u00e9lectrique, afin de vous permettre de le configurer selon votre besoin.<\/p>\n<p>Le d\u00e9lai de livraison est de<strong>\u00a08 semaines maximum \u00e0 date de commande\u00a0<\/strong>pour ce module, car il est fabriqu\u00e9 sur commande. Ce module peut \u00eatre modifi\u00e9 et configur\u00e9 diff\u00e9remment selon votre besoin, sans allonger le d\u00e9lai de livraison.<\/p>\n<p>Dieses Modul wird in unserer Reihe \"\u00a0<strong>Standard<\/strong>\u00a0\". Die Standardserie entspricht unserer ersten Ausbaustufe: Standardstruktur und Standardisolierung.<\/p>\n<p>Bei Bedarf ist es m\u00f6glich, dieses Modul in unseren Serien \"\u00a0<strong>Verst\u00e4rkt<\/strong>\u00a0\" oder \"\u00a0<strong>Isoplus<\/strong>\u00a0\". In diesem Fall ist die W\u00e4rme- und Schalld\u00e4mmung besser und die Struktur wird verst\u00e4rkt.<\/p>\n<p><strong>Unsere Bungalows werden in Frankreich zusammengebaut.<\/strong><\/p>\n<p>Descriptif Bungalow Snack 6 m\u00e8tres<\/p>\n<p>Le bungalow Snack 6 m\u00e8tres est constitu\u00e9 d&rsquo;une ossature en acier galvanis\u00e9 et laqu\u00e9 couleur gris anthracite RAL 7016.<\/p>\n<p>Das Dachprofil besteht aus verzinktem Stahl, der in Anthrazitgrau RAL 7016 lackiert ist,\u00a0<strong>Dicke 1,5 mm, H\u00f6he 150 mm<\/strong>Mit 4 Anschlagpunkten f\u00fcr die Versetzung mit einem Kran.<\/p>\n<p>Die Profile des Unterbaus bestehen aus verzinktem Stahl, der in der Farbe Anthrazitgrau RAL 7016 lackiert ist,<strong>\u00a0Dicke 1,5 mm - H\u00f6he 95 mm.<\/strong><\/p>\n<p>Das Dach besteht aus Sandwichpaneelen mit Polyurethan-Hartschaum,<strong>\u00a030 mm dick,<\/strong>\u00a0Euroclasse Cs3d0.<\/p>\n<p>Die W\u00e4nde bestehen aus Sandwichpaneelen mit Polyurethan-Hartschaum,\u00a0<strong>Dicke 40 mm<\/strong>\u00a0(Farbe hellgrau RAL 9002), Euroklasse Cs3d0.<\/p>\n<p>Der Boden ist aus\u00a0<strong>Holz-Zement, Dicke 16 mm<\/strong>, sans rev\u00eatement, avec une port\u00e9e de\u00a0<strong>400 kg\/m\u00b2<\/strong>.<\/p>\n<p>Menuiseries en aluminium laqu\u00e9 Blanc RAL 9010<\/p>\n<p>Le Bungalow Snack 6 m\u00e8tres est \u00e9quip\u00e9 d\u2019une porte pleine dimensions 104 x 220 cm (90 cm de passage) et d\u2019une fen\u00eatre type snack sans vitrage dimensions 204 x 120 cm avec volet basculant sur piston \u00e0 gaz et loquet de condamnation int\u00e9rieur.<\/p>\n<p>Pas d\u2019installation \u00e9lectrique<\/p>\n<p>Le Bungalow Snack 6 m\u00e8tres est livr\u00e9 sans installation \u00e9lectrique, car nos clients ont souvent des besoins sp\u00e9cifiques et proc\u00e8dent \u00e0 l\u2019installation \u00e9lectrique lors de la mise en place de leurs \u00e9quipements. Nous pouvons proc\u00e9der si besoin \u00e0 une installation \u00e9lectrique standard: interrupteur, n\u00e9ons LED, prises de courant, convecteur, tableau \u00e9lectrique et bo\u00eete de raccordement.<\/p>\n<p>D\u00e9lai de livraison<\/p>\n<p>*En fonction des p\u00e9riodes ce d\u00e9lai peut varier, il sera toujours indiqu\u00e9 sur le devis que vous recevrez par nos \u00e9quipes d\u00e9di\u00e9es.<\/p>\n<p>Les modifications de la configuration ou des dimensions de ce module, ainsi que l\u2019ajout d\u2019options\u00a0<strong>n\u2019allongent pas le d\u00e9lai de livraison<\/strong>.<\/p>\n<p>Conditions de livraison<\/p>\n<p><strong>Le bungalow est livr\u00e9 mont\u00e9 et \u00e9quip\u00e9,\u00a0<\/strong>pr\u00eat \u00e0 \u00eatre \u00e9quip\u00e9 par soins.<\/p>\n<p>Le prix est indiqu\u00e9 d\u00e9part usine : les frais de transport sont \u00e0 pr\u00e9voir en suppl\u00e9ment (demander un devis).<\/p>\n<p>Pour le transport, nous vous proposerons deux solutions :<\/p>\n<ul>\n<li>Transport possible via camion grue, avec d\u00e9chargement sur place.<\/li>\n<li>Transport possible via camion plateau, sans d\u00e9chargement.<\/li>\n<\/ul>\n<p><strong>Le lieu de livraison doit \u00eatre accessible en semi-remorque<\/strong>. Nous proposons aussi une solution de livraison en camion porteur \u00e9quip\u00e9 d\u2019une grue plus puissante pour les acc\u00e8s difficiles.<\/p>\n<p>Nous vous conseillons d\u2019installer vos bungalows sur des plots (b\u00e9ton ou plastique) selon le plan de plots que nous pourrons vous envoyer. Nous proposons en option un kit de plots en plastique adapt\u00e9s pour les fortes charges. Ce kit comprend plusieurs plots de diff\u00e9rentes tailles afin vous permettre de r\u00e9gler le niveau et d\u2019installer votre module sur des plots parfaitement de niveau.<\/p>\n<p>Technische Daten<\/p>\n<p>DIMENSIONEN<\/p>\n<ul>\n<li>H\u00f6he au\u00dfen: 241 cm<\/li>\n<li>H\u00f6he innen: 220 cm<\/li>\n<li>Breite: 242 cm<\/li>\n<li>L\u00e4nge: 609 cm<\/li>\n<\/ul>\n<p>SCHATTENBLICK<\/p>\n<ul>\n<li>Material: Verzinkter und lackierter Stahl<\/li>\n<li>Farbe: Anthrazitgrau RAL 7016<\/li>\n<li>Dicke: 1,5 mm<\/li>\n<li>Soubassement : hauteur 95 mm, \u00e9paisseur 1,5 mm<\/li>\n<li>Dach: H\u00f6he 150 mm<\/li>\n<li>Handhabung: 4 Steckdosen auf dem Dach f\u00fcr Hebehaken<\/li>\n<\/ul>\n<p>MENUISERIEN<\/p>\n<ul>\n<li>Mati\u00e8re : Aluminium laqu\u00e9 Blanc RAL 9010<\/li>\n<li>Porte(s) : 1 porte pleine dim. 104 x 220 cm (90 cm de passage), serrure 3 points<\/li>\n<li>Fen\u00eatre(s) : 1 fen\u00eatre type snack sans vitrage dim. 204 x 120 cm avec volet basculant sur piston \u00e0 gaz et loquet de condamnation int\u00e9rieur<\/li>\n<\/ul>\n<p>W\u00c4NDE UND DACH<\/p>\n<ul>\n<li>Material: Sandwich-Paneele<\/li>\n<li>Isolierung: Polyurethan-Hartschaum<\/li>\n<li>Wandst\u00e4rke: 40 mm<\/li>\n<li>Dicke des Daches: 30 mm<\/li>\n<li>Abdeckung Dach: Verzinktes Stahlblech Griechische Wellen<\/li>\n<li>Farbe W\u00e4nde: Hellgrau RAL 9002<\/li>\n<\/ul>\n<p>FUSSBODEN<\/p>\n<ul>\n<li>Structure : panneaux de bois-ciment, sans rev\u00eatement<\/li>\n<li>Dicke: 16 mm<\/li>\n<li>Port\u00e9e : 400 kg\/m\u00b2<\/li>\n<\/ul>\n<p>M\u00f6gliche Optionen<\/p>\n<ul>\n<li>2 vantaux coulissants sur la fen\u00eatre snack, simple vitrage<\/li>\n<li>Sol en PVC + 2 poutrelles IPE 16cm + bonde sol avec siphon raccord\u00e9<\/li>\n<li>Panneaux adapt\u00e9s au contexte alimentaire avec t\u00f4le gaufr\u00e9e<\/li>\n<li>Panneaux adapt\u00e9s au contexte alimentaire avec t\u00f4le lisse<\/li>\n<li>Deckenh\u00f6he von 2,40 m, die T\u00fcr bleibt 2,20 m hoch<\/li>\n<li>Installation \u00e9lectrique standard (tableau \u00e9lectrique + boite de raccordement + interrupteur + 2 n\u00e9ons + 2 prises + 1 connecteur 1500 watts<\/li>\n<li>Kostenlose Farbauswahl f\u00fcr die Unterkonstruktion: Wei\u00df RAL 9010, Lichtgrau RAL 9002 oder Anthrazitgrau RAL 7016<\/li>\n<li>Andere Farben sind als Option f\u00fcr die Paneele, das Ger\u00fcst oder die Tischlerei m\u00f6glich.<\/li>\n<li>Unterbodend\u00e4mmung aus 50mm dicker Glaswolle auf verzinkten Stahlschutzblechen<\/li>\n<li>Verst\u00e4rkter Unterbau mit Gabeldurchlass (Achsabstand 90cm) f\u00fcr die Bewegung mit Gabelstaplern mit 250cm-Gabeln<\/li>\n<li>Unterbau auf Skids (2 Ipe-Tr\u00e4ger 16 cm)<\/li>\n<li>Coin WC raccordable int\u00e9gr\u00e9 avec WC + lave-mains + porte + cloisons (possible d\u2019avoir l\u2019eau chaude au lavabo en suppl\u00e9ment)<\/li>\n<li>4 Regenfallrohre<\/li>\n<li>Umkehrbare Klimaanlage 2300 w UNICO R10<\/li>\n<li>Window-Klimaanlage nur kalt 12000 BTU<\/li>\n<li>Mobile Klimaanlage SHINY 12 Reversible R290 3.5 KW + Fensterkit<\/li>\n<li>Dalles LED ou n\u00e9ons LED<\/li>\n<\/ul>\n<\/div>\n<\/div>\n<\/div>","protected":false},"excerpt":{"rendered":"<p>Le\u00a0Bungalow Snack 6 m\u00e8tres\u00a0est un module qui dispose d\u2019une\u00a0porte pleine\u00a0et d\u2019une\u00a0fen\u00eatre snack\u00a0avec un\u00a0plancher renforc\u00e9 en bois-ciment, livr\u00e9 brut pour vous permettre de l\u2019adapter \u00e0 votre activit\u00e9. &nbsp; Description Bungalow Snack 6 m\u00e8tres Renforc\u00e9 Neuf Notre Bungalow Snack 6 m\u00e8tres est un module \u00e9quip\u00e9 pour les activit\u00e9s de snacking. Ce module est destin\u00e9 \u00e0 ceux qui [&hellip;]<\/p>","protected":false},"featured_media":27711,"comment_status":"open","ping_status":"closed","template":"","meta":{"_monsterinsights_skip_tracking":false,"_monsterinsights_sitenote_active":false,"_monsterinsights_sitenote_note":"","_monsterinsights_sitenote_category":0},"product_cat":[15,99],"product_tag":[],"aioseo_notices":[],"_links":{"self":[{"href":"https:\/\/alex-elec.eu\/de_de_formal\/wp-json\/wp\/v2\/product\/27710"}],"collection":[{"href":"https:\/\/alex-elec.eu\/de_de_formal\/wp-json\/wp\/v2\/product"}],"about":[{"href":"https:\/\/alex-elec.eu\/de_de_formal\/wp-json\/wp\/v2\/types\/product"}],"replies":[{"embeddable":true,"href":"https:\/\/alex-elec.eu\/de_de_formal\/wp-json\/wp\/v2\/comments?post=27710"}],"wp:featuredmedia":[{"embeddable":true,"href":"https:\/\/alex-elec.eu\/de_de_formal\/wp-json\/wp\/v2\/media\/27711"}],"wp:attachment":[{"href":"https:\/\/alex-elec.eu\/de_de_formal\/wp-json\/wp\/v2\/media?parent=27710"}],"wp:term":[{"taxonomy":"product_cat","embeddable":true,"href":"https:\/\/alex-elec.eu\/de_de_formal\/wp-json\/wp\/v2\/product_cat?post=27710"},{"taxonomy":"product_tag","embeddable":true,"href":"https:\/\/alex-elec.eu\/de_de_formal\/wp-json\/wp\/v2\/product_tag?post=27710"}],"curies":[{"name":"wp","href":"https:\/\/api.w.org\/{rel}","templated":true}]}}