{"id":27665,"date":"2023-09-21T06:14:54","date_gmt":"2023-09-21T06:14:54","guid":{"rendered":"https:\/\/alex-elec.eu\/?post_type=product&#038;p=27665"},"modified":"2023-09-21T06:14:54","modified_gmt":"2023-09-21T06:14:54","slug":"bungalow-modele-renforce-de-3-a-6-metres-au-choix","status":"publish","type":"product","link":"https:\/\/alex-elec.eu\/de_de_formal\/product\/bungalow-modele-renforce-de-3-a-6-metres-au-choix\/","title":{"rendered":"Bungalow Verst\u00e4rktes Modell - Von 3 bis 6 Meter nach Wahl"},"content":{"rendered":"<div>Beschreibung<\/div>\n<div>\n<div>\n<p>Les bungalows de notre s\u00e9rie \u00ab\u00a0Renforc\u00e9\u00a0\u00bb\u00a0sont constitu\u00e9s d&rsquo;une ossature en acier galvanis\u00e9 et laqu\u00e9 couleur gris clair RAL 9002.<\/p>\n<p>Le profil du toit est en acier galvanis\u00e9 laqu\u00e9 gris clair RAL 9002, \u00e9paisseur 2 mm, hauteur 200 mm, avec 4 points d&rsquo;\u00e9lingage pour d\u00e9placement \u00e0 la grue.<\/p>\n<p>Les profils du soubassement sont en acier galvanis\u00e9 laqu\u00e9 couleur gris clair RAL 9002, \u00e9paisseur 2 mm &#8211; hauteur 160 mm.<\/p>\n<p>La toiture est en panneaux sandwich \u00e0 mousse rigide de polyur\u00e9thane, \u00e9paisseur 40 mm, Euroclasse Cs3d0.<\/p>\n<p>La couverture de toiture est en acier galvanis\u00e9 ondul\u00e9, avec \u00e9vacuations des eaux pluviales sur les c\u00f4t\u00e9s.<\/p>\n<p>Vous pouvez choisir de remplacer le Gris clair RAL 9002 par le Gris Anthracite RAL 7016 ou le Blanc RAL 9010 (sur l\u2019ossature, le profil de toiture et le soubassement) sans surco\u00fbt et sans rallonger le d\u00e9lai (voir mod\u00e8les s\u00e9rie Sp\u00e9ciale ou Isoplus pour vous faire une id\u00e9e de la couleur).<\/p>\n<p>Les parois sont en panneaux sandwich \u00e0 mousse rigide de polyur\u00e9thane, \u00e9paisseur 50 mm (couleur gris clair RAL 9002), Euroclasse Cs3d0.<\/p>\n<p>Le plancher est en bois agglom\u00e9r\u00e9 hydrofuge, \u00e9paisseur 18 mm, recouvert d\u2019un rev\u00eatement PVC.<\/p>\n<p>Der Vorteil des Bungalows liegt in zwei Hauptelementen: schneller Aufbau und sehr g\u00fcnstiger Preis pro m\u00b2.<\/p>\n<p>Si leur vocation premi\u00e8re est le confort du personnel de chantier (bureaux, r\u00e9fectoires, vestiaires, &#8230;), les bungalows sont aussi adapt\u00e9s \u00e0 de nombreuses autres utilisations dans l&rsquo;industrie ou les services (atelier, stockage, bureaux, abris de machines&#8230;). Ils permettent de b\u00e9n\u00e9ficier d&rsquo;une structure isol\u00e9e, lumineuse et confortable qui r\u00e9pond \u00e0 de nombreux besoins.<\/p>\n<p>De nombreuses entreprises, associations, collectivit\u00e9s ou m\u00eame des particuliers se tournent aujourd&rsquo;hui vers cette solution, car elle permet d&rsquo;obtenir un b\u00e2timent isol\u00e9, dans un d\u00e9lai in\u00e9galable et pour un tarif imbattable en comparaison avec une solution de construction classique.<\/p>\n<p>DIMENSIONS D&rsquo;UN BUNGALOW\u00a0DE CHANTIER RENFORCE<\/p>\n<ul>\n<li>H\u00f6he au\u00dfen: 252 cm<\/li>\n<li>H\u00f6he innen: 220 cm<\/li>\n<li>Longueur : De 309 cm \u00e0 609 cm<\/li>\n<li>Breite: 242 cm<\/li>\n<\/ul>\n<p>SCHATTENBLICK<\/p>\n<ul>\n<li>Material: Verzinkter und lackierter Stahl<\/li>\n<li>Farbe: Hellgrau RAL 9002<\/li>\n<li>Dicke: 2 mm<\/li>\n<li>Unterbau: H\u00f6he 160 mm<\/li>\n<li>Dach: H\u00f6he 200 mm<\/li>\n<li>Handhabung: 4 Steckdosen auf dem Dach f\u00fcr Hebehaken<\/li>\n<\/ul>\n<p>W\u00c4NDE UND DACH<\/p>\n<ul>\n<li>Material: Sandwich-Paneele<\/li>\n<li>Isolierung: Polyurethan-Hartschaum<\/li>\n<li>Wandst\u00e4rke: 50 mm<\/li>\n<li>Dicke des Daches: 40 mm<\/li>\n<li>Dacheindeckung: Verzinktes Stahlblech mit griechischen Wellen<\/li>\n<li>Farbe: Hellgrau RAL 9002<\/li>\n<\/ul>\n<p>FUSSBODEN<\/p>\n<ul>\n<li>Struktur: Wasserabweisende Spanplatten<\/li>\n<li>Dicke: 18 mm<\/li>\n<li>Verkleidung: PVC<\/li>\n<\/ul>\n<p>MENUISERIEN<\/p>\n<ul>\n<li>Material: Wei\u00df lackiertes Aluminium RAL 9010<\/li>\n<li>T\u00fcr(en) : 1 halbverglaste T\u00fcr, Abm. 104 x 220 cm, Stange, Doppelverglasung<\/li>\n<li>Fenster: 1 Schiebefenster Abm. 104 x 110 cm, vergittert, Doppelverglasung<\/li>\n<\/ul>\n<p>STROM<\/p>\n<ul>\n<li>\u00c9clairage : 1 ou 2 n\u00e9ons LED selon dimension<\/li>\n<li>Steckdosen: 2 Steckdosen<\/li>\n<li>Heizung: 1 Konvektor 1500 W<\/li>\n<li>Tabelle: 1 Tabelle inklusive Interdifferential und Trennschalter<\/li>\n<li>Anschluss: 1 \u00e4u\u00dfere Anschlussdose<\/li>\n<\/ul>\n<p>M\u00f6gliche Optionen<\/p>\n<ul>\n<li>Kostenlose Farbauswahl f\u00fcr die Unterkonstruktion: Wei\u00df RAL 9010, Lichtgrau RAL 9002 oder Anthrazitgrau RAL 7016<\/li>\n<li>Andere Farben sind als Option f\u00fcr die Paneele, das Ger\u00fcst oder die Tischlerei m\u00f6glich.<\/li>\n<li>Unterbodend\u00e4mmung aus 50mm dicker Glaswolle auf verzinkten Stahlschutzblechen<\/li>\n<li>Deckenh\u00f6he von 2,40 m, die T\u00fcr bleibt 2,20 m hoch<\/li>\n<li>Unterbau mit Gabeldurchf\u00fchrung (Achsabstand 90cm) zum Bewegen mit einem Gabelstapler mit 250cm-Gabeln<\/li>\n<li>Unterbau auf Skids (2 Ipe-Tr\u00e4ger 16 cm)<\/li>\n<li>Integrierte WC-Ecke mit WC + Handwaschbecken + T\u00fcr + Trennw\u00e4nde (warmes Wasser am Waschbecken gegen Aufpreis m\u00f6glich)<\/li>\n<li>Integrierte Duschecke (nat\u00fcrlich mit Warmwasser) + T\u00fcr + Trennw\u00e4nde<\/li>\n<li>4 Regenfallrohre<\/li>\n<li>Tischlerei aus lackiertem Aluminium in Anthrazitgrau RAL 7016<\/li>\n<li>Umkehrbare Klimaanlage 2300 w UNICO R10<\/li>\n<li>Window-Klimaanlage nur kalt 12000 BTU<\/li>\n<li>Mobile Klimaanlage SHINY 12 Reversible R290 3.5 KW + Fensterkit<\/li>\n<li>LED-Fliesen anstelle von Neonr\u00f6hren<\/li>\n<li>Zus\u00e4tzliche halbverglaste T\u00fcr, volle T\u00fcr oder Ganzglast\u00fcr<\/li>\n<li>Fenster, Erker, Snackfenster oder Fenster mit Schalter und zus\u00e4tzlicher Hygienem\u00f6glichkeit<\/li>\n<li>Rolll\u00e4den aus Aluminium oder PVC, Sonderfarben m\u00f6glich<\/li>\n<li>16 mm dicker Holz-Beton-Fu\u00dfboden anstelle von Spanplatten (unerl\u00e4sslich, wenn der Bungalow nicht mit Hilfe von Kl\u00f6tzen oder Keilen um einige cm erh\u00f6ht wird, sowie in feuchten Umgebungen) Tragf\u00e4higkeit: 400 kg\/m\u00b2.<\/li>\n<li>Bodenbelag aus Phenolharz, 18 mm stark, anstelle von Spanplatte, Tragf\u00e4higkeit: 500 kg\/m\u00b2.<\/li>\n<li>PVC-Bodenbelag Intensivbegehbar anstelle von Standard, PVC-Parkett-Imitat oder Fliesenboden<\/li>\n<li>Glatte Paneele, Lebensmittelpaneele, Steinwollepaneele oder Brandschutzpaneele<\/li>\n<li>Entfernen von Gittern f\u00fcr T\u00fcren und Fenster = kostenlos<\/li>\n<li>Zus\u00e4tzliche Steckdosen oder RJ45-Steckdosen<\/li>\n<\/ul>\n<p>M\u00f6glichkeiten, eine Kochnische hinzuzuf\u00fcgen<\/p>\n<ul>\n<li>Unterbausp\u00fcle 80x60cm 1 Becken kalt<\/li>\n<li>Unterbausp\u00fcle 80x60cm 1 Becken mit Warmwasser<\/li>\n<li>Sp\u00fcle auf M\u00f6bel + Warmwasser + 2 Kochplatten + K\u00fchlschrank<\/li>\n<\/ul>\n<\/div>\n<\/div>","protected":false},"excerpt":{"rendered":"<p>Description Les bungalows de notre s\u00e9rie \u00ab\u00a0Renforc\u00e9\u00a0\u00bb\u00a0sont constitu\u00e9s d&rsquo;une ossature en acier galvanis\u00e9 et laqu\u00e9 couleur gris clair RAL 9002. Le profil du toit est en acier galvanis\u00e9 laqu\u00e9 gris clair RAL 9002, \u00e9paisseur 2 mm, hauteur 200 mm, avec 4 points d&rsquo;\u00e9lingage pour d\u00e9placement \u00e0 la grue. Les profils du soubassement sont en acier [&hellip;]<\/p>","protected":false},"featured_media":27666,"comment_status":"open","ping_status":"closed","template":"","meta":{"_monsterinsights_skip_tracking":false,"_monsterinsights_sitenote_active":false,"_monsterinsights_sitenote_note":"","_monsterinsights_sitenote_category":0},"product_cat":[15,100],"product_tag":[],"aioseo_notices":[],"_links":{"self":[{"href":"https:\/\/alex-elec.eu\/de_de_formal\/wp-json\/wp\/v2\/product\/27665"}],"collection":[{"href":"https:\/\/alex-elec.eu\/de_de_formal\/wp-json\/wp\/v2\/product"}],"about":[{"href":"https:\/\/alex-elec.eu\/de_de_formal\/wp-json\/wp\/v2\/types\/product"}],"replies":[{"embeddable":true,"href":"https:\/\/alex-elec.eu\/de_de_formal\/wp-json\/wp\/v2\/comments?post=27665"}],"wp:featuredmedia":[{"embeddable":true,"href":"https:\/\/alex-elec.eu\/de_de_formal\/wp-json\/wp\/v2\/media\/27666"}],"wp:attachment":[{"href":"https:\/\/alex-elec.eu\/de_de_formal\/wp-json\/wp\/v2\/media?parent=27665"}],"wp:term":[{"taxonomy":"product_cat","embeddable":true,"href":"https:\/\/alex-elec.eu\/de_de_formal\/wp-json\/wp\/v2\/product_cat?post=27665"},{"taxonomy":"product_tag","embeddable":true,"href":"https:\/\/alex-elec.eu\/de_de_formal\/wp-json\/wp\/v2\/product_tag?post=27665"}],"curies":[{"name":"wp","href":"https:\/\/api.w.org\/{rel}","templated":true}]}}