{"id":27633,"date":"2023-09-20T23:21:44","date_gmt":"2023-09-20T23:21:44","guid":{"rendered":"https:\/\/alex-elec.eu\/?post_type=product&#038;p=27633"},"modified":"2023-09-20T23:21:44","modified_gmt":"2023-09-20T23:21:44","slug":"bungalow-neuf-bulle-de-vente-v2-serie-renforcee-6-metres","status":"publish","type":"product","link":"https:\/\/alex-elec.eu\/de_de_formal\/product\/bungalow-neuf-bulle-de-vente-v2-serie-renforcee-6-metres\/","title":{"rendered":"Bungalow Neu Bulletin Verkauf V2 Verst\u00e4rkte Serie 6 Meter"},"content":{"rendered":"<p>Notre bungalow Bulle de Vente 6 m\u00e8tres V2 avec coin WC est un module avec\u00a0<strong>une fa\u00e7ade toute vitr\u00e9e et \u00e9quip\u00e9 d\u2019un WC avec lave-mains<\/strong>In den letzten Jahren hat sich der Bedarf an Verkaufsb\u00fcros f\u00fcr verschiedene Aktivit\u00e4ten erh\u00f6ht, z. B. f\u00fcr Bautr\u00e4ger, Autoverk\u00e4ufer, Marmorh\u00e4ndler, Selbstst\u00e4ndige, die von zu Hause aus arbeiten, Freiberufler usw.<\/p>\n<p>&nbsp;<\/p>\n<div>\n<div>Beschreibung<\/div>\n<div>\n<div>\n<p>Bungalow Neuf Bulle de Vente V2 6 m\u00e8tres<\/p>\n<p>Der Bungalow Bulle de Vente bietet Ihnen ein komfortables und \u00e4sthetisches B\u00fcro oder Verkaufsb\u00fcro f\u00fcr\u00a0<strong>einen unschlagbaren Preis und innerhalb eines unvergleichlichen Zeitraums<\/strong>\u00a0en comparaison avec une solution de construction. Nous avons standardis\u00e9 4 bulles de vente avec diff\u00e9rentes tailles et diff\u00e9rents niveaux d\u2019options.<\/p>\n<p><strong>Notre bulle de vente 6 m\u00e8tres V2 est propos\u00e9e de base dans notre s\u00e9rie \u00ab Renforc\u00e9e \u00bb.<\/strong><\/p>\n<p>Les bungalows de la s\u00e9rie \u00ab Renforc\u00e9e \u00bb sont des modules qui disposent d\u2019une structure renforc\u00e9e, ainsi que d\u2019une isolation thermique et phonique am\u00e9lior\u00e9e (isolant \u00e9pais et double vitrage). Ils pr\u00e9sentent un meilleur confort d\u2019utilisation vis-\u00e0-vis de la s\u00e9rie standard, donc sont plus adapt\u00e9s pour une utilisation \u00e0 destination par exemple de bureaux.<\/p>\n<p><strong>La Bulle de vente 6 m\u00e8tres V2 dispose de plusieurs options suppl\u00e9mentaires vis-\u00e0-vis de la V1 :<\/strong>\u00a0Menuiseries en aluminium laqu\u00e9 gris anthracite, Volets roulants en aluminium gris anthracite, isolation sous le plancher en laine de verre sur t\u00f4les de protection en acier galvanis\u00e9, 4 descentes d\u2019eau pluviale en acier galvanis\u00e9 couleur gris anthracite et pi\u00e8ce WC avec lave-mains.<\/p>\n<p>Ce module peut-\u00eatre assembl\u00e9 avec un autre module pour disposer d\u2019un espace plus grand : environ 27 m\u00b2 pour un ensemble de deux modules.<\/p>\n<p>Si vous souhaitez ce m\u00eame module avec la structure la plus renforc\u00e9e qu\u2019il existe dans notre gamme, ainsi que l\u2019isolation thermique et phonique la plus performante, vous pourrez demander un devis pour ce bungalow dans notre s\u00e9rie \u00ab\u00a0Isoplus\u00a0\u00bb.<\/p>\n<p>Notre bungalow \u00ab Bulle de Vente V2 \u00bb n\u00e9cessite\u00a0<strong>un d\u00e9lai de fabrication et de livraison de 4 semaines \u00e0 date de commande<\/strong>. C\u2019est notre mod\u00e8le Bulle de Vente que nous tenons en stock, donc qui dispose du d\u00e9lai de livraison le plus rapide.<\/p>\n<p><strong>Unsere Bungalows werden in Frankreich zusammengebaut.<\/strong><\/p>\n<p>Technische Daten<\/p>\n<p>DIMENSIONEN<\/p>\n<ul>\n<li>H\u00f6he au\u00dfen: 252 cm<\/li>\n<li>H\u00f6he innen: 220 cm<\/li>\n<li>L\u00e4nge: 609 cm<\/li>\n<li>Breite: 242 cm<\/li>\n<\/ul>\n<p>SCHATTENBLICK<\/p>\n<ul>\n<li>Material: Verzinkter und lackierter Stahl<\/li>\n<li>Farbe: Anthrazitgrau RAL 7016<\/li>\n<li>Dicke: 2 mm<\/li>\n<li>Unterbau: H\u00f6he 160 mm<\/li>\n<li>Dach: H\u00f6he 200 mm<\/li>\n<li>Handhabung: 4 Steckdosen auf dem Dach f\u00fcr Hebehaken und Durchf\u00fchrung von Gabeln durch den Unterbau<\/li>\n<\/ul>\n<p>W\u00c4NDE UND DACH<\/p>\n<ul>\n<li>Material: Sandwich-Paneele<\/li>\n<li>Isolierung: Polyurethan-Hartschaum<\/li>\n<li>Wandst\u00e4rke: 50 mm<\/li>\n<li>Dicke des Daches: 40 mm<\/li>\n<li>Dacheindeckung: Verzinktes Stahlblech mit griechischen Wellen<\/li>\n<li>Farbe W\u00e4nde: Hellgrau RAL 9002<\/li>\n<\/ul>\n<p>FUSSBODEN<\/p>\n<ul>\n<li>Struktur: Wasserabweisende Spanplatten<\/li>\n<li>Dicke: 18 mm<\/li>\n<li>Verkleidung: PVC in Parkettoptik mit schwarzen Sockelleisten<\/li>\n<li>Isolant : Isolation sous plancher en laine de verre \u00e9p. 50 mm sur t\u00f4les de protection en acier galvanis\u00e9<\/li>\n<\/ul>\n<p>MENUISERIEN<\/p>\n<ul>\n<li>Material: Aluminium, lackiert in Anthrazitgrau RAL 7016<\/li>\n<li>Porte(s) : 1 porte entr\u00e9e dim. 104 x 220 cm (90 cm de passage) toute vitr\u00e9e, vitrage de s\u00e9curit\u00e9 feuillet\u00e9 clair \u00e9paisseur 4+4 mm avec volet roulant en aluminium couleur gris anthracite RAL 7016 + 1 porte int\u00e9rieure dim. 78 x 210 cm (64 cm de passage) pleine pour la pi\u00e8ce WC.<\/li>\n<li>Fen\u00eatre(s) : 2 baies vitr\u00e9es fixes dim. 204 x 220 cm vitrage de s\u00e9curit\u00e9 feuillet\u00e9 clair \u00e9paisseur 4+4 mm avec volets roulants en aluminium couleur gris anthracite RAL 7016 + 1 vasistas dim. 58 x 58 cm, double vitrage moul\u00e9 dans les WC.<\/li>\n<\/ul>\n<p>EQUIPEMENTS SANITAIRES<\/p>\n<ul>\n<li>1 lave-mains en c\u00e9ramique dimension 36 cm avec robinet et miroir<\/li>\n<li>1 WC \u00e0 l&rsquo;anglaise en c\u00e9ramique \u00e9quip\u00e9 d&rsquo;un r\u00e9servoir\u00a0PVC et d\u2019un porte-papier<\/li>\n<li>Arriv\u00e9e d&rsquo;eau en paroi (A), \u00e9vacuations raccord\u00e9es en une seule sortie en paroi (E)<\/li>\n<\/ul>\n<p>STROM<\/p>\n<ul>\n<li>Beleuchtung: 2 LED-Neonr\u00f6hren<\/li>\n<li>Steckdosen: 2 Steckdosen<\/li>\n<li>Heizung: 1 Konvektor 1500 W<\/li>\n<li>Tabelle: 1 Tabelle inklusive Interdifferential und Trennschalter<\/li>\n<li>Anschluss: 1 \u00e4u\u00dfere Anschlussdose<\/li>\n<\/ul>\n<p>M\u00f6gliche Optionen<\/p>\n<ul>\n<li>Kostenlose Farbauswahl f\u00fcr die Unterkonstruktion: Wei\u00df RAL 9010, Lichtgrau RAL 9002 oder Anthrazitgrau RAL 7016<\/li>\n<li>Deckenh\u00f6he von 2,40 m, die T\u00fcr bleibt 2,20 m hoch<\/li>\n<li>Andere Farben sind als Option f\u00fcr die Paneele, das Ger\u00fcst oder die Tischlerei m\u00f6glich.<\/li>\n<li>Unterbau auf Skids (2 Ipe-Tr\u00e4ger 16 cm)<\/li>\n<li>Integrierte Duschecke (nat\u00fcrlich mit Warmwasser) + T\u00fcr + Trennw\u00e4nde<\/li>\n<li>Umkehrbare Klimaanlage 2300 w UNICO R10<\/li>\n<li>Window-Klimaanlage nur kalt 12000 BTU<\/li>\n<li>Mobile Klimaanlage SHINY 12 Reversible R290 3.5 KW + Fensterkit<\/li>\n<li>LED-Fliesen anstelle von Neonr\u00f6hren<\/li>\n<li>Zus\u00e4tzliche halbverglaste T\u00fcr, volle T\u00fcr oder Ganzglast\u00fcr<\/li>\n<li>Zus\u00e4tzliches Fenster, Erker, Snackfenster oder Fenster mit Schalter und Hygienemaschine<\/li>\n<li>Plancher en bois-ciment \u00e9paisseur 16 mm \u00e0 la place de l&rsquo;agglom\u00e9r\u00e9 (indispensable si le bungalow n&rsquo;est pas sur\u00e9lev\u00e9 de quelques cm par des plots ou des cales, ainsi que pour les milieux humides) port\u00e9e : 400 kg\/m\u00b2<\/li>\n<li>Bodenbelag aus Phenolharz, 18 mm stark, anstelle von Spanplatte, Tragf\u00e4higkeit: 500 kg\/m\u00b2.<\/li>\n<li>Rev\u00eatement de sol en PVC passage intensif \u00e0 la place PVC imitation parquet ou sol en carrelage<\/li>\n<li>Glatte Paneele, Lebensmittelpaneele, Steinwollepaneele oder Brandschutzpaneele<\/li>\n<li>Zus\u00e4tzliche Steckdosen oder RJ45-Steckdosen<\/li>\n<\/ul>\n<p>Possibilit\u00e9 d&rsquo;ajouter une cuisinette<\/p>\n<ul>\n<li>Unterbausp\u00fcle 80x60cm 1 Becken kalt<\/li>\n<li>Unterbausp\u00fcle 80x60cm 1 Becken mit Warmwasser<\/li>\n<li>Sp\u00fcle auf M\u00f6bel + Warmwasser + 2 Kochplatten + K\u00fchlschrank<\/li>\n<\/ul>\n<\/div>\n<\/div>\n<\/div>","protected":false},"excerpt":{"rendered":"<p>Notre bungalow Bulle de Vente 6 m\u00e8tres V2 avec coin WC est un module avec\u00a0une fa\u00e7ade toute vitr\u00e9e et \u00e9quip\u00e9 d\u2019un WC avec lave-mains, afin de r\u00e9pondre aux besoins de bureaux de vente pour diff\u00e9rentes activit\u00e9s : promoteurs immobiliers, vendeurs de v\u00e9hicules, marbreries, ind\u00e9pendants qui travaillent \u00e0 domicile, professions lib\u00e9rales, etc. &nbsp; Description Bungalow Neuf [&hellip;]<\/p>","protected":false},"featured_media":27634,"comment_status":"open","ping_status":"closed","template":"","meta":{"_monsterinsights_skip_tracking":false,"_monsterinsights_sitenote_active":false,"_monsterinsights_sitenote_note":"","_monsterinsights_sitenote_category":0},"product_cat":[15,100],"product_tag":[],"aioseo_notices":[],"_links":{"self":[{"href":"https:\/\/alex-elec.eu\/de_de_formal\/wp-json\/wp\/v2\/product\/27633"}],"collection":[{"href":"https:\/\/alex-elec.eu\/de_de_formal\/wp-json\/wp\/v2\/product"}],"about":[{"href":"https:\/\/alex-elec.eu\/de_de_formal\/wp-json\/wp\/v2\/types\/product"}],"replies":[{"embeddable":true,"href":"https:\/\/alex-elec.eu\/de_de_formal\/wp-json\/wp\/v2\/comments?post=27633"}],"wp:featuredmedia":[{"embeddable":true,"href":"https:\/\/alex-elec.eu\/de_de_formal\/wp-json\/wp\/v2\/media\/27634"}],"wp:attachment":[{"href":"https:\/\/alex-elec.eu\/de_de_formal\/wp-json\/wp\/v2\/media?parent=27633"}],"wp:term":[{"taxonomy":"product_cat","embeddable":true,"href":"https:\/\/alex-elec.eu\/de_de_formal\/wp-json\/wp\/v2\/product_cat?post=27633"},{"taxonomy":"product_tag","embeddable":true,"href":"https:\/\/alex-elec.eu\/de_de_formal\/wp-json\/wp\/v2\/product_tag?post=27633"}],"curies":[{"name":"wp","href":"https:\/\/api.w.org\/{rel}","templated":true}]}}