{"id":27418,"date":"2023-09-19T23:37:19","date_gmt":"2023-09-19T23:37:19","guid":{"rendered":"https:\/\/alex-elec.eu\/?post_type=product&#038;p=27418"},"modified":"2023-09-19T23:37:19","modified_gmt":"2023-09-19T23:37:19","slug":"container-maritime-20%e2%80%b2-dry-1er-voyage-reefer","status":"publish","type":"product","link":"https:\/\/alex-elec.eu\/de_de_formal\/product\/container-maritime-20%e2%80%b2-dry-1er-voyage-reefer\/","title":{"rendered":"Seecontainer 20\u2032 DRY 1. REEFER-Reise"},"content":{"rendered":"<p><strong>Material:<\/strong>\u00a0Seecontainer<br \/>\n<strong>Modell:<\/strong>\u00a020\u2032 ft REEFER (-20\u00b0 \/ + 20\u00b0)<br \/>\n<strong>Staat:<\/strong>\u00a01. Reise*<br \/>\n<strong>Jahr:<\/strong>\u00a0NC<br \/>\n<strong>Referenz:<\/strong>\u00a0DEVCONTREEF20<br \/>\n<strong>Au\u00dfenma\u00dfe:<\/strong>\u00a0L.6.058 x B.2.438 x H.2.591 m<br \/>\n<strong>Innenma\u00dfe:<\/strong>\u00a0L.5.320 x B.2.260 x H.2.150 m<\/p>\n<p><strong>Gewicht:<\/strong>\u00a02985 kg<br \/>\n<strong>Oberfl\u00e4che:<\/strong>\u00a012m2<\/p>\n<p>Au\u00dfenma\u00dfe: L\u00e4nge x Breite x H\u00f6he = 6.06m x 2.44m x 2.59m<br \/>\nInnenma\u00dfe: L\u00e4nge x Breite x H\u00f6he = 5.32m x 2.27m x 2.23m<br \/>\nLeergewicht: 2985 Kg<br \/>\nZul\u00e4ssige H\u00f6chstlast: 27.000 kg<br \/>\nIsolierung Sandwich-Panel aus 50 mm Mineralwolle<br \/>\nMaterial, das den Anforderungen an die Lagerung entspricht<br \/>\nMechanisch \u00fcberholt. Betriebstemperaturen +20\u00b0 \/ -20\u00b0<br \/>\nEnthaltene Optionen:<br \/>\n- 2\/3 - 1\/3 T\u00fcr, die sich leicht \u00f6ffnen l\u00e4sst und mit einem Schl\u00fcssel gesichert ist<br \/>\n- Angepasste Rampe<br \/>\n- Glatter Boden, der speziell f\u00fcr Flurf\u00f6rderfahrzeuge geeignet ist<br \/>\n- Alarm + visuelle Anzeige + Sirene<br \/>\n- Eingebaute LED-Beleuchtung<br \/>\n- Not\u00f6ffnung<br \/>\n- Vorhang<\/p>\n<p>Definition 1. Reise: Herstellung - 18 Monate, nur einmal verwendet mit einer Ladung vom Herstellungsland ins Endbestimmungsland.<br \/>\nInfolgedessen kann der Container durch die Be- und Entlademan\u00f6ver einige Sch\u00e4den erleiden.<\/p>","protected":false},"excerpt":{"rendered":"<p>Mat\u00e9riel:\u00a0Container maritime Mod\u00e8le:\u00a020\u2032 ft REEFER (-20\u00b0 \/ + 20\u00b0) Etat:\u00a01er Voyage* Ann\u00e9e:\u00a0NC R\u00e9f\u00e9rence:\u00a0DEVCONTREEF20 Dimensions ext\u00e9rieures:\u00a0L.6.058 x l.2.438 x h.2.591 m Dimensions int\u00e9rieures:\u00a0L.5.320 x l.2.260 x h.2.150 m Poids:\u00a02985 kg Surface:\u00a012m2 Dimensions ext\u00e9rieures: longueur x largeur x hauteur = 6.06m x 2.44m x 2.59m Dimensions int\u00e9rieures: longueur x largeur x hauteur = 5.32m x 2.27m x [&hellip;]<\/p>","protected":false},"featured_media":27419,"comment_status":"open","ping_status":"closed","template":"","meta":{"_monsterinsights_skip_tracking":false,"_monsterinsights_sitenote_active":false,"_monsterinsights_sitenote_note":"","_monsterinsights_sitenote_category":0},"product_cat":[15,105],"product_tag":[],"aioseo_notices":[],"_links":{"self":[{"href":"https:\/\/alex-elec.eu\/de_de_formal\/wp-json\/wp\/v2\/product\/27418"}],"collection":[{"href":"https:\/\/alex-elec.eu\/de_de_formal\/wp-json\/wp\/v2\/product"}],"about":[{"href":"https:\/\/alex-elec.eu\/de_de_formal\/wp-json\/wp\/v2\/types\/product"}],"replies":[{"embeddable":true,"href":"https:\/\/alex-elec.eu\/de_de_formal\/wp-json\/wp\/v2\/comments?post=27418"}],"wp:featuredmedia":[{"embeddable":true,"href":"https:\/\/alex-elec.eu\/de_de_formal\/wp-json\/wp\/v2\/media\/27419"}],"wp:attachment":[{"href":"https:\/\/alex-elec.eu\/de_de_formal\/wp-json\/wp\/v2\/media?parent=27418"}],"wp:term":[{"taxonomy":"product_cat","embeddable":true,"href":"https:\/\/alex-elec.eu\/de_de_formal\/wp-json\/wp\/v2\/product_cat?post=27418"},{"taxonomy":"product_tag","embeddable":true,"href":"https:\/\/alex-elec.eu\/de_de_formal\/wp-json\/wp\/v2\/product_tag?post=27418"}],"curies":[{"name":"wp","href":"https:\/\/api.w.org\/{rel}","templated":true}]}}